 3*d, -4*u - d = -u - 15. Let f(j) = 2*j + 1. Let i be f(-1). Let l = i + u. List the prime factors of l.
3
Suppose -k - 5*i + 7*i = -2494, -5*i + 12425 = 5*k. What are the prime factors of k?
2, 311
Suppose 0 = -7*a + 5987 - 772. What are the prime factors of a?
5, 149
Let r be (1*2)/((-22)/33). Let c be (-2 + 2)*(-1)/r. Suppose c = -5*f - 4*g + 166, -3*f + g = -f - 56. What are the prime factors of f?
2, 3, 5
Suppose z + 3 = 6. Suppose z*q - 74 = 2*q. What are the prime factors of q?
2, 37
Suppose 0 = -j + 3 + 1. Let v(r) = 4*r + 29. Let a(n) = 2*n + 12. Let t(f) = 7*a(f) - 3*v(f). What are the prime factors of t(j)?
5
Let c = -482 - -656. What are the prime factors of c?
2, 3, 29
Let k = -391 + 741. Suppose 0 = b - 5*w - 104, 2*w = -5*b + b + k. What are the prime factors of b?
89
Let i be (351/15)/(1/(-10)). Suppose 4*l = 2*y - 26, -2*l + y + 7 = 4*y. What are the prime factors of i/l + (-4)/8?
2, 29
Let r = 3 - -3. Suppose -3*b = -2*h - 57, 2*h = 4*h + r. Let d = 10 + b. List the prime factors of d.
3
Let l = 6138 - 4097. List the prime factors of l.
13, 157
What are the prime factors of (-259428)/(-195) + 6/10?
11
Suppose 0 = -p + 6*p - 5320. Suppose -4*a - p = -12*a. What are the prime factors of a?
7, 19
Let i = 12 + -15. Let h(l) = -9*l**2 + l - 2. Let t be h(i). Let v = -46 - t. List the prime factors of v.
2, 5
Let b(v) = -2*v + 10. Let i be b(5). Suppose -3*x + 7*x = i. Let f(q) = -q + 18. What are the prime factors of f(x)?
2, 3
Let m = 93 - 88. Suppose m*r = 180 + 420. What are the prime factors of r?
2, 3, 5
Let b be (-42)/(-56) + 1830/(-8). Let u = -161 - b. List the prime factors of u.
67
Let a = -6859 + 10753. What are the prime factors of a?
2, 3, 11, 59
Suppose 5*j - p - 580 = 0, -4*p = 3*j - 2*p - 348. Suppose -m = -3*h - 58, 2*m - 6*h = -h + j. List the prime factors of m.
2, 29
Let q(b) = -b - 4. Let w be q(-7). Let c = -3 + w. List the prime factors of (-6)/(-3) + c + 27.
29
Suppose 2*y + 10 = -6. Let f be 84/y*(-8)/6. Suppose -2*w = -6, w = 3*r - 79 - f. What are the prime factors of r?
2
Let b(t) = 2*t. Let f be b(6). Suppose -h - 3*v = -f, 5*h + 2*v + 0*v - 86 = 0. What are the prime factors of h?
2, 3
Let o = 180 + 327. What are the prime factors of o?
3, 13
Let x(j) = -3*j**3 + j**2 - 3*j - 4. What are the prime factors of x(-3)?
5, 19
Let t be 34*2*(-2)/(-8). Let y = t + -11. List the prime factors of (-8)/2 + (19 - y).
3
Suppose 95*d = 91*d + 1032. List the prime factors of d.
2, 3, 43
Let q = 39 + -26. Let o = q + 78. List the prime factors of o.
7, 13
Let k(x) be the third derivative of x**6/45 + x**5/20 - 5*x**4/12 - 2*x**2. Let w(z) be the second derivative of k(z). What are the prime factors of w(3)?
2, 3
Let p be 27/(-4)*96/(-18). Suppose -x + 5*z + 9 = 2*z, 4*x - z = p. What are the prime factors of x?
3
Let l(g) = g**2 - 18*g - 28. Let h(t) = -1. Let v(y) = -h(y) - l(y). List the prime factors of v(19).
2, 5
Suppose 117 = 3*o - 354. What are the prime factors of o?
157
Let f = -44 + 115. Let x = f - 64. What are the prime factors of x?
7
Suppose -25 = -w - 8. List the prime factors of w.
17
Let t(c) = -c**2 + 7*c + 5. Let z(b) = -b**2 - 8*b - 3. Let o be z(-6). Let x be t(o). Let v(n) = -3*n - 16. List the prime factors of v(x).
23
Let c(r) = -r**3 + 3*r**2 + 4*r + 2. Let y = 2 + -9. Let q = 11 + y. What are the prime factors of c(q)?
2
Suppose -3*m - m + 1543 = t, 0 = t - 3*m - 1536. List the prime factors of t.
3, 19
Let i(t) = t**3 - 5*t**2 + 5*t - 6. Let k be i(2). Let v = -11 + -1. What are the prime factors of -1*v/k*-6?
3
Let h = 325 - -39. What are the prime factors of h?
2, 7, 13
Suppose -1424 = 12*x - 8*x. Let p = -229 - x. List the prime factors of p.
127
Suppose -11*u = -13*u + 32. Suppose 3*i - 30 = 2*h - 10, 2*h + u = 2*i. Suppose i*t = -3*t + 448. What are the prime factors of t?
2
Suppose -m = -2*m + 3. Suppose 16 = 3*r - w, -4*r + m*w = 4*w - 26. Suppose 11*k - 85 = r*k. List the prime factors of k.
17
Let p(a) = a**2 + 2*a + 7. Let c be p(-9). Suppose -3*o = -3, -o + 2*o - c = -u. What are the prime factors of u?
3, 23
Let f(a) = -6*a - 17. Let x be f(-5). Suppose 19 = -4*z - x. Let m = 26 + z. List the prime factors of m.
2, 3
Let d = 274 - 164. Let m = -127 - -74. Let a = m + d. What are the prime factors of a?
3, 19
Let d(j) = -2772*j + 189. Let z(p) = 59*p - 4. Let o(t) = 4*d(t) + 189*z(t). List the prime factors of o(1).
3, 7
Let l(g) be the third derivative of 29*g**5/30 - g**3/6 + 4*g**2. Let m be l(1). Suppose 3*c = -5*w + m, w - 2*c + 7*c - 29 = 0. List the prime factors of w.
3
Let w(p) = 14*p**2 + 34*p + 54. List the prime factors of w(-16).
2, 7, 13, 17
What are the prime factors of 4/(-8)*(-370 - 2 - 4)?
2, 47
Let k(c) = -2*c**3 + 14*c**2 + 5*c + 5. Let q be k(8). What are the prime factors of 3*10/(-15)*q?
2, 83
What are the prime factors of ((-1)/2)/((-6)/9468)?
3, 263
Let h = 86 - 84. Suppose -h*b - 4*m + 204 = -336, 0 = -m + 5. What are the prime factors of b?
2, 5, 13
Let p(u) = 8*u**3 - 2*u**2 - 2*u + 7. What are the prime factors of p(2)?
59
Suppose -3*k = -8*k. Suppose -4*f + f + 132 = k. What are the prime factors of f?
2, 11
Let d = 4 + 2. Suppose -l - 2*w = 8, -6*l = -5*l - 2*w. What are the prime factors of (6/l)/(d/(-72))?
2, 3
Let j be ((-28)/(-35))/((-4)/(-10)). Suppose j*s + 0*s = 8. Suppose 9*m - 5*t = 4*m + 160, -s*t - 95 = -3*m. What are the prime factors of m?
3, 11
Let f = 52 + -43. What are the prime factors of (-2976)/(-27) - 2/f?
2, 5, 11
Let x = -29 + 31. List the prime factors of x*19/(-4)*(3 + -5).
19
Let b(w) = 14*w**3 - 3*w**2 + w - 1. List the prime factors of b(4).
23, 37
Let f = -265 - -1231. List the prime factors of f.
2, 3, 7, 23
Suppose 0 = i - 6 + 1. Suppose 3*x + 2*t = t - 10, -t + 14 = -i*x. Let l(k) = -7*k - 4. List the prime factors of l(x).
17
Let z = 15 + -27. Suppose 13*w + 1258 = -341. List the prime factors of w/z - (-1)/(-4).
2, 5
Let k = -85 - -87. Let f(z) = 2*z**2 + 5*z. Let x be f(9). Suppose -k*a + x = a. List the prime factors of a.
3, 23
Let z(t) = 73*t**2 + 32*t + 177. What are the prime factors of z(-5)?
2, 3, 307
Suppose -2*v = 2, -v = 3*d - 131 - 9954. List the prime factors of d.
2, 41
Let y = 2131 - 1159. List the prime factors of y.
2, 3
Suppose -4 = p + 7*f - 3*f, -4*p + 39 = 5*f. Suppose i = -3*i + p. Let t = 3 + i. What are the prime factors of t?
7
Let a(u) = 18*u - 17. Let x be a(-3). Let j = 96 + x. List the prime factors of j.
5
Let x be -2*(-1)/(10/(-15)). Let p(c) = -c**3 - 2*c - 3. What are the prime factors of p(x)?
2, 3, 5
Suppose 5*n + 4*k = 2*n + 1447, -1971 = -4*n + 3*k. List the prime factors of n.
3, 163
Suppose -5*f - 4*v + 8*v + 3630 = 0, 0 = f + v - 726. What are the prime factors of f?
2, 3, 11
Suppose 20 = 3*w + 5*q, q + 1 = -4. Suppose -2*s - 702 = -w*s. What are the prime factors of s?
2, 3
Let z(j) = 62*j + 185. What are the prime factors of z(6)?
557
Let p(j) = -j**3 - j**2 + 21. Suppose -5*n - n = -12. Suppose -5*z + q = -3*q + 12, -z - n*q + 6 = 0. What are the prime factors of p(z)?
3, 7
Suppose 8*r = 9*r - 313. Suppose -4*p - 220 = -a - 660, 0 = 3*p - 5*a - r. What are the prime factors of p?
3, 37
Let w be 24/(-3)*2*-1. Suppose -3*b + f = 5*f - w, -b = -3*f - 1. Suppose -b*c + 28 = -4*p, -c + 5*p + 0 = -3. List the prime factors of c.
2
Suppose -i = -368 + 18. What are the prime factors of 34/6 + -6 - i/(-6)?
2, 29
Suppose -4*p = -9 - 7. Let m(i) = 5*i + 6*i - 6*i + 0 + 3. What are the prime factors of m(p)?
23
Suppose 4*o + 0*o + 68 = 0. Let p(j) be the first derivative of j**3/3 + 17*j**2/2 + 20*j + 2. What are the prime factors of p(o)?
2, 5
What are the prime factors of (4 - (-493)/(-136)) + 69594/16?
2, 3, 5, 29
Let l(k) = 27*k**3 + 8*k**2 - 5*k - 1. List the prime factors of l(3).
5, 157
Suppose 2*s = 8*s. Suppose -684 = -4*r - 2*l, s = 5*r + 4*l + l - 860. List the prime factors of r.
2, 5, 17
Let a(x) = 4*x**2 - 27*x + 114. What are the prime factors of a(17)?
811
Suppose 3*t = -3*t + 18. What are the prime factors of 56 + -6 + 4 + t?
3, 19
Suppose d + 13 = b, 8*d + 40 = 4*d + b. Let s be (9/2)/(d/(-12)). List the prime factors of 603/(-6)*s/(-9).
67
Let u be 6/9*6 - -48. Suppose -7*m + u - 3 = 0. Let s(b) = b**3 - 6*b**2 - 5*b + 16. List the prime factors of s(m).
2, 3, 